2
Let h(k) = 7*k + 10. Determine h(-4).
-18
Let w(k) = -k**3 + 11*k**2 + 13*k - 7. Calculate w(12).
5
Let v(t) = -t**2 + 8*t - 33. What is v(3)?
-18
Let q(g) = -22*g - 22. Calculate q(-1).
0
Let h(g) = g**2 + g - 3. Calculate h(4).
17
Let d(s) = 3*s**3 + 2*s**2 + 2. Calculate d(-2).
-14
Let z(j) = -3*j**2 + 7*j + 1. Give z(5).
-39
Let f(d) = d**2 + 6*d + 1. Determine f(-7).
8
Let j(x) = -x**3 + 10*x**2 - 7*x - 6. Determine j(9).
12
Let w(v) = -v**3 + 2*v**2 - v. What is w(2)?
-2
Let n(u) = -4*u. Determine n(6).
-24
Let u(t) = 35*t - 42. Calculate u(1).
-7
Let y(s) = s**3 + s**2 + s + 22. Calculate y(0).
22
Let d(w) = -4*w**2 + 3*w - 4. What is d(1)?
-5
Let v(o) = o**3 - 16*o**2 + 4*o + 5. Calculate v(16).
69
Let c(u) = -8*u + 51. Give c(9).
-21
Let x(s) = s**2 - 7*s + 6. Determine x(3).
-6
Let d(s) = -s**2 - 6*s + 3. What is d(-5)?
8
Let u(q) = -6*q**2 + 24*q - 21. Give u(1).
-3
Let x(r) = r**2 - 7*r + 7. What is x(7)?
7
Let h(o) = o + 9. Calculate h(-2).
7
Let j(d) = d**3 + 5*d**2 + 10*d + 23. Determine j(-4).
-1
Let f(q) = -2*q**2 + 11*q + 4. What is f(7)?
-17
Let t(o) = o**3 + 6*o**2 - 13*o + 9. Determine t(-8).
-15
Let z(j) = j**3 + 11*j**2 + 5*j - 33. What is z(-10)?
17
Let j(a) = a**2 + 20*a - 14. Calculate j(-21).
7
Let v(z) = z**3 - 7*z**2 + 3*z + 11. What is v(6)?
-7
Let r(z) = -z**3 + 8*z**2 + 10*z + 4. Determine r(9).
13
Let z(d) = -d**2 + 12*d + 2. Give z(12).
2
Let t(z) = -z**2 - 13*z + 1015. Determine t(-39).
1
Let m(y) = 2*y**2 + 4*y + 76. Determine m(0).
76
Let s(u) = u**2 - 14*u + 7. Determine s(11).
-26
Let w(h) = -12*h + 115. Determine w(12).
-29
Let m(u) = u**3 + 12*u**2 + 4*u + 47. Calculate m(-12).
-1
Let u(g) = -g**3 + 7*g**2 - 14*g + 12. Calculate u(5).
-8
Let w(z) = z**3 + 5*z**2 - 7*z - 6. Calculate w(-5).
29
Let r(s) = s**2 - 25*s - 19. What is r(15)?
-169
Let k(d) = -16*d - 8. Determine k(-2).
24
Let c(u) = 36*u + 106. Calculate c(-3).
-2
Let h(j) = j**2 - 8*j - 9. What is h(13)?
56
Let z(g) = 3*g**3 + 17*g**2 + 22*g + 3. What is z(-3)?
9
Let c(o) = -2*o + 1. Give c(4).
-7
Let i(l) = 21*l - 64. Calculate i(3).
-1
Let l(u) = u**3 - u**2 + u - 34. Determine l(0).
-34
Let h(w) = 7*w - 119. Give h(17).
0
Let n(b) = b. Calculate n(-6).
-6
Let o(b) = -b**3 - 6*b**2 - b + 8. What is o(-6)?
14
Let n(v) = 5*v**2 + v - 1. Calculate n(-1).
3
Let u(s) = -s**2 - 66*s + 205. What is u(-69)?
-2
Let k(u) = 10*u**3 - 4*u**2 + 8*u - 3. Determine k(1).
11
Let c(q) = q**3 - 9*q**2 - 36*q - 5. Calculate c(12).
-5
Let r(g) = 3*g + 4. Calculate r(-5).
-11
Let h(q) = 4*q**2 + 4*q + 4. Calculate h(-2).
12
Let n(r) = -r**3 + 19*r**2 - 6*r + 113. Calculate n(19).
-1
Let j(b) = -b**2 + 11*b - 14. Calculate j(8).
10
Let d(k) = 2*k**3 - 18*k**2 + 22*k - 22. What is d(8)?
26
Let v(b) = -3*b - 54. What is v(-23)?
15
Let t(q) = q**2 - 16*q + 60. Give t(9).
-3
Let p(k) = -75*k + 301. What is p(4)?
1
Let r(v) = 3*v**2 + 20*v - 1. Determine r(-7).
6
Let k(h) = 6*h - 3. Calculate k(-7).
-45
Let j(o) = -o**3 + 7*o**2 + 33*o - 22. Give j(10).
8
Let s(k) = -k**3 + 16*k**2 + 2*k - 27. Determine s(16).
5
Let u(l) = 2*l**2 + 2*l - 4. Give u(-3).
8
Let l(k) = 5*k + 61. Calculate l(-12).
1
Let l(y) = -y**3 + y**2 + 4*y - 2. Give l(3).
-8
Let d(m) = 3*m + 8. Give d(-5).
-7
Let o(u) = -20*u - 192. What is o(-10)?
8
Let q(m) = -m**2 - 3*m + 2. Give q(2).
-8
Let p(m) = -m + 18. Calculate p(0).
18
Let s(x) = -x**3 + 9*x**2 + 13*x - 11. Calculate s(10).
19
Let x(j) = -3*j**2 + j + 11. What is x(5)?
-59
Let h(g) = -g**2 - 6*g - 1. Determine h(-4).
7
Let a(u) = -u**3 + 34*u**2 - 32*u - 36. Determine a(33).
-3
Let o(g) = -g**3 + 11*g**2 - 10*g - 5. Determine o(10).
-5
Let o(i) = i**3 + 33*i**2 - 35*i - 73. Give o(-34).
-39
Let f(x) = 2*x**2 + 25*x - 22. What is f(-14)?
20
Let s(a) = -5*a - 69. Determine s(-17).
16
Let p(q) = q**2 - 2*q - 3. Calculate p(6).
21
Let w(r) = r**2 - 35*r - 123. Calculate w(38).
-9
Let y(q) = q**2 - 9*q + 40. What is y(8)?
32
Let p(o) = -o**3 - 5*o**2 + 14*o - 10. Give p(-7).
-10
Let j(a) = 3*a + 11. Give j(8).
35
Let l(s) = s**2 - 5*s - 29. Give l(0).
-29
Let t(y) = -14*y - 1. What is t(1)?
-15
Let l(r) = 2*r**3 + 16*r**2 - 4*r - 25. Determine l(-8).
7
Let l(y) = 2*y - 27. Determine l(12).
-3
Let u(j) = j**2 - 16*j + 64. Calculate u(7).
1
Let d(q) = -q**2 + 6*q - 8. Determine d(4).
0
Let f(q) = 110*q - 663. Give f(6).
-3
Let g(n) = n**2 - 6*n + 7. Determine g(6).
7
Let y(x) = -x - 5. Determine y(-6).
1
Let n(l) = 2*l**2 - 14*l - 50. Calculate n(-3).
10
Let m(y) = 3*y - 12. Give m(0).
-12
Let d(q) = q**3 + 9*q**2 + 7*q + 4. Give d(-8).
12
Let y(a) = a**2 + 18*a + 39. Calculate y(-16).
7
Let k(j) = j**3 - 8*j**2 - 12*j + 6. Calculate k(9).
-21
Let z(j) = -j**3 + 4*j**2 + j - 3. Calculate z(-2).
19
Let x(j) = j**3 + 8*j**2 - 7*j + 16. What is x(-9)?
-2
Let k(l) = l**3 - 14*l**2 + 11*l + 9. Give k(13).
-17
Let c(r) = -13*r + 4. Calculate c(-8).
108
Let g(p) = -p**2 + 3*p + 9. Calculate g(4).
5
Let d(i) = 167*i - 164. Give d(1).
3
Let q(c) = -113*c - 3. Give q(1).
-116
Let h(y) = -4*y - 7. Give h(-7).
21
Let o(g) = g**3 - 7*g**2 + 7*g + 3. Calculate o(6).
9
Let k(v) = -2*v**3 + 4*v**2 - 2*v - 1. What is k(1)?
-1
Let i(u) = -6*u**3 - 2*u**2 + 4*u + 4. What is i(-1)?
4
Let s(x) = 3*x - 41. What is s(12)?
-5
Let s(v) = 6*v**3 - v**2 + 2*v + 3. Calculate s(-1).
-6
Let j(o) = o**3 + 16*o**2 - o + 1. Give j(-16).
17
Let r(k) = 115*k + 567. Give r(-5).
-8
Let o(n) = n**2 + 12*n - 45. Give o(5).
40
Let u(q) = 4*q + 18. Give u(-6).
-6
Let m(j) = -j**3 + 7*j**2 - 2*j - 3. Calculate m(7).
-17
Let d(k) = -k**2 - 7*k + 3. Determine d(-11).
-41
Let o(q) = -9*q - 44. What is o(-5)?
1
Let u(x) = -2*x**3 - x**2 - x - 1. Determine u(-1).
1
Let g(o) = -o**3 + 11*o**2 - 12*o + 1. What is g(5)?
91
Let q(n) = n**3 + 3*n**2 - 8*n + 2. Give q(-6).
-58
Let f(c) = 8*c + 42. Determine f(-5).
2
Let f(y) = -11*y**2 + 29*y + 5. Calculate f(3).
-7
Let a(h) = -5*h + 39. Determine a(10).
-11
Let w(l) = l**3 - 9*l**2 + 7*l + 8. Determine w(8).
0
Let n(y) = -2*y**2 - 20*y - 1. Determine n(-9).
17
Let w(j) = j**3 - 2*j**2 + j - 2. What is w(4)?
34
Let p(s) = 11*s**2 - 8*s + 2. Calculate p(1).
5
Let v(s) = 10*s**2 - 3*s + 2. What is v(1)?
9
Let v(c) = 2*c**2 + c - 20. Determine v(-7).
71
Let o(b) = -b**2 - 13*b - 9. What is o(-12)?
3
Let s(b) = -84*b + 427. Calculate s(5).
7
Let f(t) = -2*t**2 - 3*t + 3. Give f(-3).
-6
Let w(v) = 2*v**2 - 4*v + 23. Determine w(8).
119
Let v(u) = 13*u + 52. Determine v(-4).
0
Let n(a) = a**2 - 10*a - 31. Determine n(13).
8
Let g(p) = -4*p - 7. What is g(4)?
-23
Let g(q) = -q**3 - 4*q**2 + 8*q + 9. Calculate g(-5).
-6
Let f(d) = -d + 28. Determine f(14).
14
Let g(m) = -m + 9. What is g(15)?
-6
Let p(s) = s**2 - 2*s - 13. What is p(5)?
2
Let m(b) = -b**2 + 12*b + 1. Give m(10).
21
Let p(n) = 9*n + 37. Give p(-4).
1
Let s(j) = j**3 - 5*j**2 - 3*j - 17. Calculate s(6).
1
Let s(m) = -101*m + 408. Calculate s(4).
4
Let x(w) = -2*w**2 - 23*w - 12. Calculate x(-9).
33
Let b(w) = -w**2 + 14*w - 16. Give b(12).
8
Let r(g) = 4*g + 55. What is r(-13)?
3
Let o(p) = -11*p - 4. Calculate o(-1).
7
Let s(o) = 156*o - 149. What is s(1)?
7
Let g(a) = -6*a - 2. Determine g(1).
-8
Let d(l) = l**3 - 8*l**2 + 8*l - 6. Calculate d(7).
1
Let p(t) = t**3 + 7*t**2 + 4*t - 9. Determine p(-6).
3
Let c(l) = l**3 - 3*l - 11. Calculate c(0).
-11
Let m(x) = 7*x**2 - 6*x + 5. What is m(1)?
6
Let w(a) = 2*a**3 - 2*a. Give w(3).
48
Let m(t) = 2*t**3 + 63*t**2 - 34*t - 69. Calculate m(-32).
-5
Let z(i) = 4*i + 6. Give z(-5).
-14
Let k(y) = y**3 + 8*y**2 + 10*y - 10. Calculate k(-7).
-31
Let c(s) = -3*s**2 + 16*s - 12. Determine c(7).
-47
Let d(l) = -6*l**2 - 73*l - 73. Determine d(-1).
-6
Let x(l) = 11*l + 2. What is x(-1)?
-9
Let c(g) = g**2 - 5*g - 3. Give c(4).
-7
Let u(a) = -6*a - 14. Give u(-1).
-8
Let s(w) = w**2 - 6*w - 45. Give s(-4).
-5
Let a(k) = 3*k**3 + 8*k**2 + 3*k + 7. Determine a(-4).
-69
Let u(x) = -x**3 + 42*x**2 - 39*x - 90. Give u(41).
-8
Let s(c) = -c**3 + 8*c**2 - 10*c + 6. Calculate s(6).
18
Let r(h) = -h**3 - 17*h**2 + 2*h - 6. Calculate r(-17).
-40
Let j(s) = -7*s + 11. Determine j(-5).
46
Let m(y) = -y**3 - 22*y**2 - 37*y + 44. Give m(-20).
-16
Let q(i) = -2*i**3 + 18*i**2 + 18*i + 23. Determine q(10).
3
Let y(h) = 27*h - 181. Calculate y(7).
8
Let l(j) = -